rime factors of 158290791.
3, 17, 41, 61, 73
What are the prime factors of 120206855?
5, 23, 1045277
What are the prime factors of 18055565?
5, 11, 328283
What are the prime factors of 1859212670?
2, 5, 7, 89, 167, 1787
What are the prime factors of 11180516?
2, 43, 65003
List the prime factors of 73531187.
73531187
What are the prime factors of 3535970800?
2, 5, 8839927
What are the prime factors of 708325302?
2, 3, 163, 724259
List the prime factors of 1083480634.
2, 541740317
List the prime factors of 324007296.
2, 3, 109, 7741
List the prime factors of 12782598.
2, 3, 431, 4943
List the prime factors of 823344487.
7, 117620641
List the prime factors of 1830874085.
5, 366174817
What are the prime factors of 27423227?
13, 17, 124087
What are the prime factors of 331561144?
2, 37, 293, 3823
List the prime factors of 106694609.
7, 197, 1579
List the prime factors of 11080518.
2, 3, 239, 7727
What are the prime factors of 197470438?
2, 11, 113, 79433
What are the prime factors of 9370197?
3, 421, 2473
List the prime factors of 34127173.
19, 1796167
What are the prime factors of 126812595?
3, 5, 7, 13, 61, 1523
List the prime factors of 744423345.
3, 5, 5514247
List the prime factors of 2111566757.
7741, 272777
What are the prime factors of 69234004?
2, 7, 449, 5507
List the prime factors of 2187304710.
2, 3, 5, 631, 115547
What are the prime factors of 463004096?
2, 31, 109, 2141
What are the prime factors of 682063651?
523, 1304137
List the prime factors of 54748950.
2, 3, 5, 364993
List the prime factors of 20395999.
13, 1568923
List the prime factors of 630283662.
2, 3, 1237, 28307
What are the prime factors of 127371656?
2, 593, 26849
List the prime factors of 103348615.
5, 1093, 18911
What are the prime factors of 444388509?
3, 79, 359, 1741
List the prime factors of 15299314.
2, 41, 43, 4339
What are the prime factors of 482100591?
3, 7, 41, 107, 5233
What are the prime factors of 514460933?
7, 73494419
List the prime factors of 70326758.
2, 43, 47, 127, 137
List the prime factors of 184586002.
2, 5813, 15877
List the prime factors of 4302327406.
2, 13, 165474131
What are the prime factors of 75840905?
5, 7, 89, 97, 251
What are the prime factors of 75892972?
2, 1021, 18583
List the prime factors of 32469837.
3, 10823279
List the prime factors of 322080369.
3, 13, 635267
What are the prime factors of 5491302612?
2, 3, 8369, 54679
What are the prime factors of 74033938?
2, 11, 89, 37811
List the prime factors of 109412868.
2, 3, 19, 479881
What are the prime factors of 185820694?
2, 107, 487, 1783
List the prime factors of 267140889.
3, 9894107
List the prime factors of 98312289.
3, 19, 101, 17077
List the prime factors of 52446130.
2, 5, 11, 476783
List the prime factors of 1593159654.
2, 3, 59, 113, 39827
What are the prime factors of 142674068?
2, 35668517
What are the prime factors of 12868779?
3, 7, 11, 17, 29, 113
List the prime factors of 73721187.
3, 23, 356141
List the prime factors of 564454696.
2, 13, 31, 175079
List the prime factors of 105128989.
7, 47, 319541
List the prime factors of 831633436.
2, 207908359
List the prime factors of 300122661.
3, 773, 129419
What are the prime factors of 1561456729?
7, 23, 9698489
List the prime factors of 318549309.
3, 13, 1033, 7907
List the prime factors of 776055467.
11, 5231, 13487
What are the prime factors of 4669680226?
2, 31, 75317423
List the prime factors of 2363441147.
31, 67, 1137911
What are the prime factors of 2110096?
2, 43, 3067
List the prime factors of 1638836644.
2, 397, 683, 1511
What are the prime factors of 14633325?
3, 5, 7, 19, 163
What are the prime factors of 51348189?
3, 977, 17519
What are the prime factors of 106760373?
3, 19, 31, 1949
What are the prime factors of 3580184039?
5387, 664597
List the prime factors of 578747184.
2, 3, 17, 31, 137, 167
List the prime factors of 122955209.
13, 9458093
List the prime factors of 13262685.
3, 5, 139, 6361
What are the prime factors of 62533652?
2, 15633413
List the prime factors of 72327582.
2, 3, 353, 11383
List the prime factors of 5651162156.
2, 89, 103, 229, 673
List the prime factors of 94143880.
2, 5, 2353597
What are the prime factors of 2302666700?
2, 5, 29, 794023
List the prime factors of 30938394.
2, 3, 5156399
What are the prime factors of 2053649530?
2, 5, 23, 181, 49331
List the prime factors of 3811717255.
5, 149, 1019, 5021
List the prime factors of 144017835.
3, 5, 13, 23, 163, 197
What are the prime factors of 753785930?
2, 5, 103, 731831
List the prime factors of 1779937690.
2, 5, 53, 3358373
What are the prime factors of 1664091191?
7, 31, 53, 257, 563
What are the prime factors of 846671151?
3, 89, 3171053
What are the prime factors of 18184312?
2, 223, 10193
What are the prime factors of 587200382?
2, 4217, 69623
What are the prime factors of 2504455644?
2, 3, 41, 1543, 3299
List the prime factors of 3451924379.
109, 31669031
List the prime factors of 30673462.
2, 199, 77069
What are the prime factors of 12060608?
2, 7, 26921
What are the prime factors of 2349033549?
3, 607, 1289969
List the prime factors of 795124083.
3, 13, 20387797
List the prime factors of 231784346.
2, 461, 251393
What are the prime factors of 203004?
2, 3, 5639
What are the prime factors of 1309340779?
53, 24704543
List the prime factors of 917971178.
2, 419, 613, 1787
List the prime factors of 49751696.
2, 41, 149, 509
List the prime factors of 4842835054.
2, 2421417527
List the prime factors of 213942629.
213942629
List the prime factors of 204723307.
204723307
List the prime factors of 642609442.
2, 15383, 20887
List the prime factors of 192881598.
2, 3, 7, 13, 353263
List the prime factors of 10750017.
3, 37, 96847
List the prime factors of 11136538.
2, 7, 795467
List the prime factors of 48257310.
2, 3, 5, 1608577
What are the prime factors of 264113894?
2, 11, 71, 353, 479
List the prime factors of 3752190.
2, 3, 5, 13, 1069
List the prime factors of 3849446805.
3, 5, 29, 8849303
What are the prime factors of 40120171?
7, 13, 62983
What are the prime factors of 2924958494?
2, 17, 137, 627943
List the prime factors of 383575989.
3, 31, 4124473
What are the prime factors of 2788935565?
5, 13, 42906701
List the prime factors of 3196224689.
7, 17, 101, 15643
What are the prime factors of 489676547?
489676547
What are the prime factors of 149926244?
2, 13, 2883197
List the prime factors of 2723227772.
2, 680806943
What are the prime factors of 45040542?
2, 3, 7506757
What are the prime factors of 20986050?
2, 3, 5, 139907
List the prime factors of 507734730.
2, 3, 5, 626833
List the prime factors of 50478085.
5, 7, 206033
What are the prime factors of 27339236?
2, 167, 40927
What are the prime factors of 250426472?
2, 61, 513169
List the prime factors of 3909374334.
2, 3, 72395821
What are the prime factors of 45996026?
2, 1709, 13457
What are the prime factors of 902163718?
2, 17, 26534227
What are the prime factors of 1547382497?
1153, 1342049
List the prime factors of 300039034.
2, 150019517
List the prime factors of 68873127.
3, 311, 73819
What are the prime factors of 47150250?
2, 3, 5, 7, 1283
List the prime factors of 358062165.
3, 5, 1487, 5351
List the prime factors of 903362655.
3, 5, 13, 4632629
List the prime factors of 315491070.
2, 3, 5, 1669, 6301
What are the prime factors of 509059563?
3, 71, 2389951
List the prime factors of 23324685.
3, 5, 19, 223, 367
What are the prime factors of 43239818?
2, 21619909
List the prime factors of 1449567740.
2, 5, 199, 364213
List the prime factors of 112134579.
3, 2293, 16301
List the prime factors of 13141368.
2, 3, 182519
What are the prime factors of 130550497?
7, 11, 17, 99733
What are the prime factors of 3073004968?
2, 11, 181, 192931
What are the prime factors of 52505478?
2, 3, 2916971
List the prime factors of 277387124.
2, 7, 109, 90887
List the prime factors of 110014925.
5, 1721, 2557
List the prime factors of 469082609.
10729, 43721
What are the prime factors of 360087615?
3, 5, 83, 229, 421
What are the prime factors of 19305842?
2, 9652921
List the prime factors of 593768091.
3, 7, 28274671
List the prime factors of 532628888.
2, 11, 6052601
List the prime factors of 1849545346.
2, 11, 53, 1223, 1297
List the prime factors of 672207436.
2, 163, 1030993